
Calculate the remainder when 159 is divided by 50.
9
Calculate the remainder when 1084 is divided by 8.
4
Calculate the remainder when 41 is divided by 21.
20
Calculate the remainder when 5255 is divided by 28.
19
What is the remainder when 151 is divided by 41?
28
What is the remainder when 294 is divided by 63?
42
Calculate the remainder when 655 is divided by 94.
91
What is the remainder when 4933 is divided by 105?
103
Calculate the remainder when 2074 is divided by 31.
28
What is the remainder when 173 is divided by 48?
29
What is the remainder when 239 is divided by 12?
11
What is the remainder when 100 is divided by 52?
48
What is the remainder when 1884 is divided by 46?
44
Calculate the remainder when 714 is divided by 61.
43
Calculate the remainder when 24 is divided by 6.
0
What is the remainder when 3858 is divided by 13?
10
What is the remainder when 332 is divided by 7?
3
Calculate the remainder when 2375 is divided by 295.
15
What is the remainder when 1945 is divided by 246?
223
What is the remainder when 233 is divided by 35?
23
Calculate the remainder when 6798 is divided by 73.
9
Calculate the remainder when 516 is divided by 201.
114
Calculate the remainder when 2770 is divided by 2765.
5
What is the remainder when 242 is divided by 27?
26
What is the remainder when 203 is divided by 64?
11
What is the remainder when 44 is divided by 24?
20
What is the remainder when 1115 is divided by 225?
215
What is the remainder when 2301 is divided by 1147?
7
Calculate the remainder when 35189 is divided by 15.
14
Calculate the remainder when 471 is divided by 70.
51
What is the remainder when 1310 is divided by 32?
30
What is the remainder when 74 is divided by 7?
4
Calculate the remainder when 1676 is divided by 14.
10
What is the remainder when 2099 is divided by 60?
59
Calculate the remainder when 92 is divided by 74.
18
Calculate the remainder when 35 is divided by 4.
3
What is the remainder when 6047 is divided by 28?
27
What is the remainder when 164 is divided by 31?
9
Calculate the remainder when 613 is divided by 88.
85
Calculate the remainder when 98 is divided by 19.
3
What is the remainder when 235 is divided by 50?
35
Calculate the remainder when 525 is divided by 24.
21
What is the remainder when 162 is divided by 28?
22
What is the remainder when 366 is divided by 93?
87
What is the remainder when 142 is divided by 76?
66
Calculate the remainder when 679 is divided by 5.
4
What is the remainder when 825 is divided by 36?
33
Calculate the remainder when 107 is divided by 9.
8
What is the remainder when 513 is divided by 6?
3
What is the remainder when 3806 is divided by 32?
30
Calculate the remainder when 139 is divided by 10.
9
What is the remainder when 1124 is divided by 21?
11
What is the remainder when 259 is divided by 14?
7
Calculate the remainder when 30 is divided by 22.
8
What is the remainder when 436 is divided by 63?
58
What is the remainder when 19 is divided by 15?
4
Calculate the remainder when 175 is divided by 52.
19
What is the remainder when 488 is divided by 27?
2
What is the remainder when 114 is divided by 105?
9
What is the remainder when 2486 is divided by 175?
36
Calculate the remainder when 836 is divided by 14.
10
What is the remainder when 360 is divided by 28?
24
Calculate the remainder when 4231 is divided by 46.
45
What is the remainder when 252 is divided by 65?
57
Calculate the remainder when 483 is divided by 22.
21
Calculate the remainder when 471 is divided by 152.
15
What is the remainder when 861 is divided by 62?
55
What is the remainder when 99 is divided by 25?
24
What is the remainder when 660 is divided by 17?
14
Calculate the remainder when 1279 is divided by 143.
135
Calculate the remainder when 335 is divided by 8.
7
What is the remainder when 347 is divided by 27?
23
Calculate the remainder when 46 is divided by 4.
2
What is the remainder when 196 is divided by 66?
64
What is the remainder when 447 is divided by 50?
47
What is the remainder when 61 is divided by 51?
10
What is the remainder when 453 is divided by 24?
21
Calculate the remainder when 109 is divided by 55.
54
What is the remainder when 218 is divided by 20?
18
Calculate the remainder when 5865 is divided by 18.
15
What is the remainder when 74 is divided by 20?
14
Calculate the remainder when 92 is divided by 19.
16
Calculate the remainder when 108 is divided by 22.
20
Calculate the remainder when 1857 is divided by 31.
28
What is the remainder when 1135 is divided by 375?
10
Calculate the remainder when 319 is divided by 91.
46
What is the remainder when 13802 is divided by 55?
52
What is the remainder when 370 is divided by 47?
41
What is the remainder when 1299 is divided by 62?
59
What is the remainder when 79 is divided by 42?
37
Calculate the remainder when 156 is divided by 77.
2
What is the remainder when 174 is divided by 63?
48
Calculate the remainder when 3166 is divided by 33.
31
Calculate the remainder when 1414 is divided by 177.
175
Calculate the remainder when 109 is divided by 92.
17
What is the remainder when 433 is divided by 110?
103
What is the remainder when 663 is divided by 230?
203
What is the remainder when 7143 is divided by 68?
3
What is the remainder when 94 is divided by 16?
14
What is the remainder when 678 is divided by 31?
27
What is the remainder when 110 is divided by 38?
34
Calculate the remainder when 461 is divided by 157.
147
Calculate the remainder when 121 is divided by 2.
1
Calculate the remainder when 5332 is divided by 157.
151
What is the remainder when 30623 is divided by 123?
119
Calculate the remainder when 16024 is divided by 47.
44
What is the remainder when 78 is divided by 19?
2
What is the remainder when 544 is divided by 9?
4
What is the remainder when 203 is divided by 34?
33
Calculate the remainder when 386 is divided by 13.
9
What is the remainder when 2075 is divided by 104?
99
Calculate the remainder when 68 is divided by 20.
8
Calculate the remainder when 385 is divided by 54.
7
Calculate the remainder when 732 is divided by 67.
62
What is the remainder when 373 is divided by 96?
85
What is the remainder when 884 is divided by 110?
4
Calculate the remainder when 2763 is divided by 251.
2
Calculate the remainder when 104 is divided by 6.
2
What is the remainder when 230 is divided by 29?
27
Calculate the remainder when 251 is divided by 127.
124
Calculate the remainder when 3254 is divided by 539.
20
What is the remainder when 91 is divided by 66?
25
Calculate the remainder when 3478 is divided by 87.
85
What is the remainder when 406 is divided by 115?
61
Calculate the remainder when 212 is divided by 65.
17
What is the remainder when 2660 is divided by 381?
374
What is the remainder when 107 is divided by 54?
53
Calculate the remainder when 116 is divided by 9.
8
What is the remainder when 614 is divided by 44?
42
Calculate the remainder when 974 is divided by 78.
38
What is the remainder when 55 is divided by 19?
17
Calculate the remainder when 558 is divided by 56.
54
What is the remainder when 199 is divided by 83?
33
Calculate the remainder when 4490 is divided by 237.
224
What is the remainder when 62 is divided by 49?
13
Calculate the remainder when 2643 is divided by 377.
4
What is the remainder when 69 is divided by 5?
4
What is the remainder when 36178 is divided by 180?
178
What is the remainder when 2006 is divided by 6?
2
Calculate the remainder when 838 is divided by 109.
75
What is the remainder when 268 is divided by 35?
23
Calculate the remainder when 3031 is divided by 41.
38
Calculate the remainder when 1906 is divided by 70.
16
What is the remainder when 99 is divided by 5?
4
What is the remainder when 182 is divided by 53?
23
Calculate the remainder when 19 is divided by 11.
8
What is the remainder when 307 is divided by 77?
76
What is the remainder when 822 is divided by 118?
114
Calculate the remainder when 18 is divided by 10.
8
What is the remainder when 591 is divided by 152?
135
What is the remainder when 158 is divided by 54?
50
Calculate the remainder when 377 is divided by 30.
17
Calculate the remainder when 228 is divided by 23.
21
Calculate the remainder when 382 is divided by 55.
52
Calculate the remainder when 1